{"id":42,"date":"2024-04-27T09:53:26","date_gmt":"2024-04-27T07:53:26","guid":{"rendered":"https:\/\/dev.kvk1980.de\/?page_id=42"},"modified":"2024-04-27T09:53:26","modified_gmt":"2024-04-27T07:53:26","slug":"wissenswertes-ueber-de-kuardeler-fosicht","status":"publish","type":"page","link":"https:\/\/dev.kvk1980.de\/?page_id=42","title":{"rendered":"Wissenswertes \u00fcber \u201eDe Kuardeler Fosicht\u201c"},"content":{"rendered":"\n<p>In der 5 Jahreszeit erschallt in Kordel ein Schlachtruf, der sich vom \u00fcblichen \u201eAllaaf\u201c und \u201eHelau\u201c unterscheidet. \u201eKaulaydi\u201c so lautet der Schlachtruf der Kordeler Narren, f\u00fcr den die Kaulay, das Wahrzeichen Kordels Pate stand.<br>\u201eKaulaydi\u201c ist Symbol der Heimatverbundenheit der Kordeler Narren und verdeutlicht ihr Bestreben einen ureigenen Karneval zu inszenieren und das Brauchtum Fastnacht in Ehren zu halten.<\/p>\n\n\n\n<p>Bereits 1908 wurde in Form von B\u00e4llen und Kost\u00fcmfesten in Kordel Fastnacht gefeiert<\/p>\n\n\n\n<p>Mit der Gr\u00fcndung des Heimatvereins Kordel 1953 bekam Kordeler Fastnacht eine feste organisatorische Form. Unter seiner F\u00fchrung wurden bis 1963 Sitzungen, B\u00e4lle und Fastnachtsumz\u00fcge organisiert. Nach f\u00fcnfj\u00e4hriger Pause fand dann auf Privatinitiative einer Gruppe von jungen M\u00e4nnern, die sich zum \u201eB\u00f6sen Buben Club\u201c zusammengeschlossen hatten, 1968 wieder ein Karnevalsumzug statt. Bis 1974 hatte dieser Club mit Unterst\u00fctzung der Freiwilligen Feuerwehr das n\u00e4rrische Zepter in der Hand.<\/p>\n\n\n\n<p>In Zusammenarbeit aller Ortsvereine und mit Unterst\u00fctzung des damaligen Ortrsb\u00fcrgermeisters Erwin Lieser zog 1975 der Fastnachtszug durch die Stra\u00dfen. Stimmungsvolle Sitzungen und B\u00e4lle im Saale Endres wurden von 1971 bis 1975 vom Musikverein und M\u00e4nnergesangverein organisiert und durchgef\u00fchrt.<br>Konkret wurden es im Jahr 1975 im November, als das Komitee Karnevalsumzug Kordel (KKK) ins Leben gerufen wurde. In ihm waren die Ortsvereine mit je einem Delegierten vertreten.<br>Auf Initiative dieses Komitees wurde am 09. November 1980 der Karnevalsverein Kordel gegr\u00fcndet.<\/p>\n","protected":false},"excerpt":{"rendered":"<p>In der 5 Jahreszeit erschallt in Kordel ein Schlachtruf, der sich vom \u00fcblichen \u201eAllaaf\u201c und \u201eHelau\u201c unterscheidet. \u201eKaulaydi\u201c so lautet der Schlachtruf der Kordeler Narren, f\u00fcr den die Kaulay, das Wahrzeichen Kordels Pate stand.\u201eKaulaydi\u201c ist Symbol der Heimatverbundenheit der Kordeler Narren und verdeutlicht ihr Bestreben einen ureigenen Karneval zu inszenieren und das Brauchtum Fastnacht in Ehren zu halten. Bereits 1908 wurde in Form von B\u00e4llen und Kost\u00fcmfesten in Kordel Fastnacht gefeiert Mit der Gr\u00fcndung des Heimatvereins Kordel 1953 bekam Kordeler&#8230;<\/p>\n<p class=\"read-more\"><a class=\"btn btn-default\" href=\"https:\/\/dev.kvk1980.de\/?page_id=42\">Weiterlesen<span class=\"screen-reader-text\"> Weiterlesen<\/span><\/a><\/p>\n","protected":false},"author":1,"featured_media":0,"parent":0,"menu_order":0,"comment_status":"closed","ping_status":"closed","template":"","meta":{"footnotes":""},"_links":{"self":[{"href":"https:\/\/dev.kvk1980.de\/index.php?rest_route=\/wp\/v2\/pages\/42"}],"collection":[{"href":"https:\/\/dev.kvk1980.de\/index.php?rest_route=\/wp\/v2\/pages"}],"about":[{"href":"https:\/\/dev.kvk1980.de\/index.php?rest_route=\/wp\/v2\/types\/page"}],"author":[{"embeddable":true,"href":"https:\/\/dev.kvk1980.de\/index.php?rest_route=\/wp\/v2\/users\/1"}],"replies":[{"embeddable":true,"href":"https:\/\/dev.kvk1980.de\/index.php?rest_route=%2Fwp%2Fv2%2Fcomments&post=42"}],"version-history":[{"count":1,"href":"https:\/\/dev.kvk1980.de\/index.php?rest_route=\/wp\/v2\/pages\/42\/revisions"}],"predecessor-version":[{"id":43,"href":"https:\/\/dev.kvk1980.de\/index.php?rest_route=\/wp\/v2\/pages\/42\/revisions\/43"}],"wp:attachment":[{"href":"https:\/\/dev.kvk1980.de\/index.php?rest_route=%2Fwp%2Fv2%2Fmedia&parent=42"}],"curies":[{"name":"wp","href":"https:\/\/api.w.org\/{rel}","templated":true}]}}